der when u(4) is divided by (40/(-60))/((-1)/r)?
11
Suppose -276 + 75 = -3*o. Let y = o - 37. Suppose 0 = -5*s + 385 - y. Calculate the remainder when s is divided by 12.
11
Let v(p) = -91*p**3 + 11*p**2 + 63*p - 7. Calculate the remainder when v(-4) is divided by 198.
197
Let r(a) = 358*a + 365. Calculate the remainder when 407 is divided by r(-1).
1
Let m = 82 + -4. Calculate the remainder when m is divided by (8/(-6))/(((-4)/(-21))/((-378)/294)).
6
Let i(g) = 3*g - 14. Suppose 1240*c - 1234*c = 1998. Calculate the remainder when c is divided by i(10).
13
Let j(a) = a**3 + 8*a**2 - 22*a - 42. Suppose 7 = 33*f - 34*f. What is the remainder when j(f) is divided by 35?
21
Let m = -5550 - -5766. Calculate the remainder when m is divided by 78.
60
Let w = -3737 - -4358. What is the remainder when w is divided by 215?
191
Let f = 3129 - 3123. Suppose 0 = -2*s - 2*y - 0*y + 14, 2*s + 4*y = 14. Calculate the remainder when s is divided by f.
1
Suppose -1358 = -21565*q + 21538*q + 2773. Suppose 45 + 15 = 2*d + w, 5*w = -2*d + 44. What is the remainder when q is divided by d?
25
Let i be 2/(-4) + 2/4. Suppose 2*l + 2*p - 56 = i, p + 0*p + 2 = 0. Suppose 4*x + 1321 - 1369 = 0. Calculate the remainder when l is divided by x.
6
Let j be 6/(-3) + (11867 - (-2 - -2)). Suppose -19*g + j + 48 = 0. Calculate the remainder when g is divided by 18.
15
Suppose 4*o + 3*r = -977, 0 = -2*o - 3*r - 279 - 214. Let y = o + 260. Calculate the remainder when 104 is divided by y.
14
Suppose 0 = -2*u + 4*a + 12, -7 = -a - 5. What is the remainder when 11 is divided by u?
1
Let t(w) = -w**2 - 8*w + 11. Let y be t(-10). Calculate the remainder when y/(0 - -3) + -7 + 72 is divided by 13.
10
Suppose -8586*n + 8554*n = -1760. Calculate the remainder when 267 is divided by n.
47
Let j(u) = 13*u**2 + 19*u + 64. Calculate the remainder when j(-10) is divided by 388.
10
Suppose 5*f + 583 = 2*c, -210*c = -212*c - f + 589. What is the remainder when c is divided by 9?
6
Let b(v) = 6*v + 28. Let x = 55 + -59. Let m be b(x). Let y(w) = 2*w**3 - 8*w**2 - 3*w + 17. What is the remainder when 24 is divided by y(m)?
4
Let y = 681 + -654. Suppose -y = -n + 37. What is the remainder when n is divided by 34?
30
What is the remainder when (11745/725)/((-129)/(-60) - 2) is divided by (-2 - -25)*(0 + 1)?
16
Suppose -2*h - 3*g - 51 = 0, -17 = 3*h + 5*g + 57. Let m(z) = -8*z - 151. Calculate the remainder when m(h) is divided by 60.
53
Suppose -324 = -4*i + 4*c, i - 3*c = -0*c + 85. Let u(n) = 2*n**2 + 167*n - 1621. Calculate the remainder when i is divided by u(9).
35
Let w(m) = m**2 + 3*m - 2. Suppose -5 = -14*y + 9*y. Suppose -2*i + 17 = x, 0 = -3*i - 0*i - 3*x + 33. What is the remainder when i is divided by w(y)?
0
Let y = 6781 - 6397. Calculate the remainder when 391 is divided by y.
7
Suppose -3*s = 6*s - 270. What is the remainder when (s - 26)*225/12 is divided by 38?
37
Let b(t) = -9*t - 3*t - 4*t + 6*t - 6*t + 46. What is the remainder when b(-8) is divided by 22?
20
Suppose p + 177 = -3*z + 5*z, z - 93 = 2*p. Calculate the remainder when 385 is divided by z.
37
Let s be 575/(-175) - (-1)/(14/4). Let q be 29*(2 - ((-12)/s + 1)). Let y = 94 + q. Calculate the remainder when 27 is divided by y.
6
Let t(q) = -74*q**2 + 1079*q + 21. Calculate the remainder when t(14) is divided by 11.
7
Suppose -r - y = -1144, 5*r - 5716 = 11*y - 15*y. Calculate the remainder when r is divided by 2.
0
Let j = -181 - -171. Let w(k) = -6*k - 33. What is the remainder when 78 is divided by w(j)?
24
Suppose -15*x + 19*x + 24 = 0, 0 = b + 5*x + 17. What is the remainder when 1246 is divided by b?
11
Let s be ((-114)/1)/(9/6). Let w = 79 + s. Suppose 2*q + 7 + 14 = m, 3*q = -w*m + 45. What is the remainder when m is divided by 9?
8
Let y be (-14020)/140 + (-6)/7. Let n = y - -168. What is the remainder when n is divided by 5?
2
Let v(c) = 2*c**2 + 47*c - 777. Calculate the remainder when 361 is divided by v(-35).
25
Let g = -494 - -568. What is the remainder when 114/76 - g/(-4) is divided by 8?
4
Let l be (-2)/(-3)*(2 - -1). Suppose -h - 5*i = -42 + 18, 8 = 2*i. Calculate the remainder when 27 is divided by l + 7 + h - (-3)/3.
13
Suppose 25*b - 26*b + 5 = 0. Suppose b*u - 35 = -20. Let s = 21 - u. Calculate the remainder when 52 is divided by s.
16
Let k(a) = -a**3 - 8*a**2 - 15*a - 4. Let r be k(-6). Calculate the remainder when r/(-84) + 2 + 4783/6 is divided by 40.
39
Let i(z) = z**2 - 4*z + 5. Let a(j) be the third derivative of 13*j**5/60 + j**4/8 + 3*j**2. Calculate the remainder when a(-2) is divided by i(6).
12
Let z = -27 + 33. Let u(x) = -2*x**2 + 6*x - 6. Let j be u(z). Let d = -3 - j. Calculate the remainder when d is divided by 20.
19
Let f(q) = -q**2 - q + 14. Let d be f(5). Let o be -530*(2 - 3) + d/8. Suppose -o = -7*z - 178. Calculate the remainder when 95 is divided by z.
45
Let a = -6330 - -6350. Calculate the remainder when a is divided by 2.
0
What is the remainder when 59806/102 + 4/6 - 10/2 is divided by 2?
0
Suppose 13*f = 18*f - 10. Suppose 115 = f*q - q. Suppose -3*u - 32 = -3*p + 58, 5*p + 3*u = 150. Calculate the remainder when q is divided by p.
25
Suppose 187 = -2*q + 479. Suppose 54 = 20*d - q. What is the remainder when 47 is divided by d?
7
Suppose 0 = -2*u + 5*n + 16, 2*u + 1 = -5*n - 3. Suppose -9*z + 137 + 133 = 0. Calculate the remainder when z is divided by u.
0
Suppose 0 = -2*h - 3*i + 11 - 4, -i + 7 = 3*h. Let x(a) = -a**3 - 10*a**2 - 19*a - 18. Calculate the remainder when x(-8) is divided by h.
0
Let o be 6/4 + 392/(-16). Let x = o - -50. Calculate the remainder when 208 is divided by 58/18 - 3 - (-507)/x.
18
Let k = -5874 - -5887. What is the remainder when 3689 is divided by k?
10
Suppose 3*v = -4*a + 212, -4*a = -2*v + 69 + 99. Calculate the remainder when 1519 is divided by v.
75
Let k(z) = -9*z**3 - 3*z**2 - 5*z - 3. Let l be k(-3). Let r = l - -34. Let u = r - 145. Calculate the remainder when u is divided by 15.
12
Let g(f) = 28*f + 462. Calculate the remainder when 1677 is divided by g(-15).
39
Suppose -1822 = -28*b + 2490. What is the remainder when b is divided by 42?
28
Suppose -k + 4*k - 2*j - 6 = 0, -4*k = -4*j - 12. Let x(m) = -8*m + 69. Let c be x(k). Calculate the remainder when 8 is divided by 4/(-6) + 1 + 322/c.
3
Let u(x) = -x**2 - 9*x + 12. Suppose -9 = w - 5*m + 2*m, -5*w = -2*m + 45. Let i = -45 + 104. Calculate the remainder when i is divided by u(w).
11
Suppose 4*r = 130 + 650. Suppose 569*w - 36799 = -182*w. What is the remainder when r is divided by w?
48
Let r(j) = -9*j - 20. Let l be r(-13). Let w = l + -81. What is the remainder when 29 is divided by (w/(-16))/((-2)/20)?
9
Let v(s) = -182*s - 905. Calculate the remainder when 307 is divided by v(-5).
2
What is the remainder when 138 is divided by 45/(-10) + 1898/52?
10
Let o be ((-11)/(-33))/((-1)/(-6)). Let a(l) = 1 + 12*l**3 - 2*l**2 + 0*l**o - 13*l**3 - 4*l. What is the remainder when 87 is divided by a(-2)?
6
Suppose -14*g - 108 = -584. Let w = 34 - -24. Calculate the remainder when w is divided by 48/(-408) + 514/g.
13
Let g(m) = -38*m - 111. Calculate the remainder when 644 is divided by g(-3).
2
Suppose 0 = q + 4, 2*c - 559 - 13 = -2*q. Calculate the remainder when 594 is divided by c.
14
Let h = -135299 + 135368. Suppose -8*n + 3*n = -1340. What is the remainder when n is divided by h?
61
Suppose 25120 = 5248*v - 4620*v. What is the remainder when v is divided by 1/1 + (17 - 1)?
6
Let r be (-3 - -3)/3 + 57. Let v = 65 - r. Let l = 55 + v. What is the remainder when l is divided by 22?
19
Let c(w) = 3*w**3 - 5*w**2 - 17*w - 1. Let a(n) = -n**3 - 33*n**2 - 30*n + 69. Let p be a(-32). Calculate the remainder when c(p) is divided by 33.
32
Suppose 0 = 6*x - 0 - 12. Let b be 91*(-4)/(-16) + x/8. Let c = b - 19. Calculate the remainder when 5 is divided by c.
1
Suppose 4*x = -p + 4502, -2*x + p + 88 = -2160. Calculate the remainder when x is divided by 126.
117
Suppose 0 = -2*y + 36 + 154. Calculate the remainder when y is divided by 2/6 + (-46 - -259)/((-27)/(-3)).
23
Suppose 2*t - 9 = -1, -27 = -h - 3*t. Let n(g) = g**2 + 2*g + 20. What is the remainder when n(17) is divided by h?
13
Suppose -d + 32 = -2*w, -4*w + 2 = d - 6. Let y = 37484 - 37419. What is the remainder when y is div